8*v**3 - 39*v**2 - 55*v - 99. Let a(u) = u**3 - 6*u**2 - 8*u - 13. Let y(j) = 15*a(j) - 2*i(j). Give y(-11).
-8
Let q(i) = 8*i**3 - 15*i**2 - 7*i - 119. Let w(v) = 3*v**3 - 7*v**2 - 3*v - 49. Let o(r) = -2*q(r) + 5*w(r). Let k = -3 + -2. Determine o(k).
-2
Let t(s) be the second derivative of -s**5/20 + 5*s**4/12 + 6*s**3 - 90*s**2 + 3935*s. Determine t(6).
0
Suppose -34*x = -145 - 25. Suppose -5*s = -3*f + 10, -3*f - x = 5*s - 25. Let r(d) = 6*d**2 + 4*d**3 - 2 + d**3 - 6*d**3 - 5*d - 4. What is r(f)?
-6
Let z(m) = m**2 + 12*m + 6. Let x be (15/(1 - 6))/(-1). Suppose 3*j - 61 = 5*q, 0*q - x*j + 17 = -q. Determine z(q).
-5
Let c(u) = 10*u**3 - 39*u**2 - 22*u + 35. Let v(o) = 4*o**3 - 13*o**2 - 7*o + 13. Let j(h) = -3*c(h) + 8*v(h). Determine j(-5).
24
Let g(r) be the third derivative of -r**4 + 125*r**3/6 + 3318*r**2. Determine g(5).
5
Suppose -24 - 12 = -2*a. Let f(t) = 12*t - a*t - 2 - 2*t. Calculate f(-2).
14
Suppose 0 = -681*w + 627*w - 1188. Let x(p) = -p - 6. What is x(w)?
16
Suppose -2*z - 12 = 0, 3*b - 30 = 6*b + 5*z. Let p(u) = -u**2 - u + 35. Determine p(b).
35
Let l = -95 - -111. Suppose 0 = -11*s + l*s + 95. Let r = s - -12. Let g(f) = f**2 + 7*f - 7. What is g(r)?
-7
Suppose -4*q + 140 = 5*u, 3*u - 37 = 5*q + 10. Suppose 101*v - 107*v + u = 0. Let f(o) = 2*o**2 - 5*o - 4. Give f(v).
8
Let w(t) be the first derivative of t**4/4 - 4*t**3/3 + 2*t**2 - 4*t - 734. Let g(r) = r**3 + 3*r**2 - r. Let d be g(-3). What is w(d)?
-1
Let u(o) = o**3 + 49*o**2 + 50*o + 97. Suppose 0 = 631*i + 202*i + 39984. Calculate u(i).
1
Let y(i) be the second derivative of 0 - 7*i + 1/6*i**4 + 0*i**3 + 0*i**2 + 13/120*i**5 - 1/720*i**6. Let d(f) be the third derivative of y(f). Determine d(0).
13
Let w(y) = 29*y**2 + 51*y + 13. Let k(v) = 16*v**2 + 30*v + 8. Let n(x) = 5*k(x) - 3*w(x). Determine n(-2).
-21
Let g = 484 + -482. Let v(j) = -32*j**2 + 16*j + 41. Let w(b) = 6*b**2 - 3*b - 8. Let y(q) = g*v(q) + 11*w(q). Give y(5).
39
Let a(u) be the third derivative of u**6/120 + u**5/20 - 11*u**4/24 + 2*u**3/3 - 260*u**2 - 5*u. Determine a(2).
2
Let d be (-33456)/2720 + (2 - (-17)/(-10)). Let q(a) = 6*a + 74. What is q(d)?
2
Let k be 2 - (12/(-2))/2. Suppose 5*w - 20 = y + 4*y, 3*w + k*y + 28 = 0. Let p(f) = -14*f - 2*f + 7*f + 6*f - 1. Give p(w).
2
Suppose -18*n + 13*n + 10 = 0. Let w(o) = -5*o**2 + 4*o + 4*o**3 - 12*o**3 + 9*o**3 + n. What is w(4)?
2
Let h = 2251 - 2242. Let b(s) = -14 - s**2 - 15 + 75 + 7*s - 33. Give b(h).
-5
Let b(f) = -48*f + 1402. Let a be b(29). Let o(i) = 4*i - 51. What is o(a)?
-11
Suppose -3*w = -111*c + 110*c + 288, 3*c + 5*w - 878 = 0. Let f = c + -298. Let u(a) = a**3 + 8*a**2 + 7*a - 8. What is u(f)?
-8
Let r(s) = -s**2 - 9*s + 8. Suppose 36 = 44*n - 38*n. Let t(a) = -11*a + 58. Let d be t(n). Determine r(d).
16
Let s(n) = -n**2 + 6*n + 3. Let b = 134 + -126. Suppose -13*u - b = -15*u. What is s(u)?
11
Let r = -10684 - -10687. Let t(p) = 2*p**2 - 5*p - 9. What is t(r)?
-6
Let z(p) = -24*p**2 + 50*p - 6. Let h(g) be the second derivative of 5*g**4/12 - 5*g**3/3 + g**2/2 - 239*g. Let f(s) = -14*h(s) - 3*z(s). What is f(5)?
4
Let f = 110 + -103. Suppose -f*j - 147 = -28*j. Let u(k) = 4 - k + 4 - 3. Give u(j).
-2
Let s be ((-34)/(-119))/((-16)/(-84)). Let c(v) be the first derivative of -13 - 6*v - s*v**2. Give c(-4).
6
Let h(z) be the third derivative of -z**4/24 - 11*z**3/6 + 67*z**2. Let s = -549 - -544. Give h(s).
-6
Let t = -1201 - -1209. Let c(m) = m**3 - 7*m**2 - 11*m + 2. Calculate c(t).
-22
Let a(p) = p**3 + 11*p**2 + 8*p - 13. Suppose -2*t - 4 - 16 = 0. Let u be a(t). Let d(b) = 4 - 15*b - u*b + 21*b. Give d(8).
-4
Suppose 0 = -49*u - 654 + 605. Let v(i) = 67*i + 6. Calculate v(u).
-61
Let i be 2/4 - (-1915)/(-766). Let f(l) = -4*l**3 - 8*l. Let d(c) = -9*c**3 + c**2 - 17*c. Let t(y) = -3*d(y) + 7*f(y). Determine t(i).
6
Suppose 85 = -54*l + 71*l. Let r(o) = -7*o - 17. Calculate r(l).
-52
Let y(n) = -n**3 - 25*n**2 - n + 3. Let q(j) = -j**3 - 14*j**2 + 71*j - 43. Let i be q(-18). Determine y(i).
28
Let s(u) = -6*u - 52. Let f be s(-9). Let l(n) = 2*n**f - 256 - 3*n**2 + 263. Calculate l(0).
7
Suppose -41*d + 2*y + 70 = -43*d, 4*y + 169 = -5*d. Let b(l) = -19*l - 544. Determine b(d).
7
Let m(k) = -41*k - 18*k + 16*k + 17*k - 18 + 18*k. Give m(-12).
78
Let u(d) = d**3 + 10*d**2 + 8*d - 6. Let x = -191 + 301. Suppose -5*p - 2*r - 567 = r, -p - x = 4*r. Let c be 19/p - 53/6. What is u(c)?
3
Let u(j) = j**3 - 5*j**2 + 3. Let z(r) = -3*r**2 + 3*r + 45. Let d be z(-7). Let m = -117 - d. Determine u(m).
39
Let u(i) = 7 + 22 + 2*i + i**2 - 18 + 12 - 5*i. What is u(0)?
23
Suppose -3*u = -1 + 7, -5*k - 242 = u. Let j = 50 + k. Let t(c) = -4*c**2 - c**3 - c + 0 + j - 8*c**2 + 8*c**2. Determine t(-3).
-4
Let i(n) = -7*n + 17. Suppose -50*h = -61*h - 11. Let g(u) = u - 3. Let y(w) = h*i(w) - 6*g(w). Give y(4).
5
Let r(t) be the second derivative of t**3/6 - 2*t**2 + 114*t. Let p be -3 + (0/(6 + -3))/(-1). Determine r(p).
-7
Suppose -784*p + 782*p + 12 = 0. Suppose -p*v + 12 = -8*v. Let j(w) = w**2 + 3*w - 5. Calculate j(v).
13
Let p(d) = 5 - 3 + 2 - d. Let b be 3410/7843*(-69)/(-6). Determine p(b).
-1
Suppose -2*j + 12 = j. Let u = -854 + 1538. Let b(k) = 4*k - 344 - 342 + u. What is b(j)?
14
Let g(v) be the third derivative of v**6/240 + v**5/12 - 5*v**4/24 - v**3/2 - 8*v**2. Let q(z) be the second derivative of g(z). What is q(-5)?
-5
Let f(i) = 38*i + i**2 + 31*i + 28*i - 89*i. Determine f(-11).
33
Let a be (2 + 12 - 14)/(-2). Let i(y) be the first derivative of -17 - y - 1/4*y**4 + 0*y**2 + a*y**3. Calculate i(1).
-2
Suppose -31*l = -8*l - 92. Let i(k) = 5*k**2 + k - 2*k**3 + 2*k**2 + 2 - l*k**2. What is i(3)?
-22
Let n(b) = -b**2 - 6 + 8*b + 2*b - 3*b. Let w = -60245 - -60252. What is n(w)?
-6
Let p(x) = x**2 + 5*x - 6. Let t(l) = -l**2 + l - 1. Let i be t(0). Let f be 2/(-1) + (9 - 5) + -9. Let r = f - i. Give p(r).
0
Let z(t) = -t**2 - 161*t - 5836. Let n be z(-106). Let x(g) = 168*g + 1003. What is x(n)?
-5
Let y(r) = 76*r - 85*r - 1779*r**2 + 1782*r**2. Suppose 0 = -p - 0 + 3. Give y(p).
0
Suppose 7*i = 5*i - 16. Let r(o) be the third derivative of -4/3*o**3 + 0 - 1/12*o**4 + 0*o + 6*o**2. What is r(i)?
8
Let a(q) be the second derivative of -7/2*q**2 + 9*q + 0 - 1/3*q**3. Let l(w) = -w**3 - 50*w**2 + 48*w - 161. Let j be l(-51). What is a(j)?
9
Let x(l) = 15*l**2 - 5*l - 11. Let u(i) = 9*i**2 - 2*i - 6. Let t(k) = 7*u(k) - 4*x(k). Give t(-4).
26
Let o = -490 + 492. Let a(d) = 2 - o*d**2 - 4*d**2 + 2*d**2 + d**2 + 2*d + 0. What is a(-1)?
-3
Let d(y) = -y + 3. Let t(i) = 8*i - 5. Let s = -55 - -57. Let n be t(s). Suppose -n*h - 4 = -12*h. Give d(h).
-1
Let n(y) = -y**3 + 1. Let g(d) = -16*d**3 + d**2 - d - 2. Let l(v) = -g(v) - 2*n(v). Let m = 269 - 291. Let k be (-33)/m + (-1)/2. Calculate l(k).
18
Let t(u) = -u + 14. Let k be t(-8). Let j = -27 + k. Let r(q) = 8*q**2 - 10 + 4*q - 5*q**2 - 2*q**2 + 4. Determine r(j).
-1
Let v = 284173 + -284188. Let d(f) be the second derivative of f**5/20 + 7*f**4/6 - 5*f**3/2 - 6*f**2 - f. Calculate d(v).
-12
Suppose 2*m - m - 4*j = 174, 5*m - 4*j - 806 = 0. Let g = m - 161. Let o(l) = -2*l. Calculate o(g).
6
Let i be (-35)/(-70)*(-4)/2. Let u(w) = w + 7. Determine u(i).
6
Let u(m) = m**3 - 10*m**2 + 3*m - 22. Let r be u(10). Let n(h) = -h**2 + 0*h**2 + 56 - r*h - 61. Let x = -3 + -3. What is n(x)?
7
Let q = -3599 - -3617. Let p(y) = -y**3 + 19*y**2 - 18*y - 21. What is p(q)?
-21
Let g(p) = -p**3 + p**2 - 2*p + 1. Let s be g(1). Let n(y) = -14*y**3 + y**2 + 5. Let f(h) = 12*h**3 - h**2 - 4. Let v(m) = -5*f(m) - 4*n(m). What is v(s)?
5
Let u(o) = o + 10. Let z(q) = -4 + 4*q - 10*q - 3*q**3 + 2*q**3 - 95*q**2 + 91*q**2. Let y be z(-3). Suppose 4*l = y*a - 53, l + 27 = a + 3*a. Calculate u(l).
3
Let v(t) = -t**2 + 5*t + 17. Suppose -89*n + 137*n = 432. Calculate v(n).
-19
Suppose 2*v = -2*x + 2, -3*v = -5*x - 5 + 34. Let m(j) = 3*j + 9*j - 6 - 4 + x*j - 13*j. Give m(6).
8
Let w(r) = 3*r**2 + 17*r - 30. Let o(k) = 2*k**2 + 16*k - 27. Let j = -262 + 265. Let i(g) = j*w(g) - 4*o(g). Give i(12).
6
Let l be 0 + 11 - (-1 - -1). Suppose -20 = -9*u - l. Let n(f) be the second derivative of -5*f**3/6 + f**2/2 + 7*f + 6. Calculate n(u).
-4
Let v(l) = 4*l**2 - 37*l - 30. Let d = -16594 + 16603. Determ